{"id":806,"date":"2017-08-24T16:07:55","date_gmt":"2017-08-24T14:07:55","guid":{"rendered":"http:\/\/www.lachartreuse.org\/web\/?page_id=806"},"modified":"2023-08-04T19:08:13","modified_gmt":"2023-08-04T17:08:13","slug":"son-histoire","status":"publish","type":"page","link":"http:\/\/www.lachartreuse.org\/web\/le-fort\/son-histoire\/","title":{"rendered":"Son histoire"},"content":{"rendered":"\n<p>&nbsp;<br>Le <strong><em>fort de la Chartreuse<\/em><\/strong> fut un fort hollandais, pendant tr\u00e8s peu de temps, puis un fort belge, jusqu&rsquo;\u00e0 son \u00ab\u00a0d\u00e9classement\u00a0\u00bb \u00e0 la fin du XIXe si\u00e8cle, ensuite une caserne de l&rsquo;arm\u00e9e belge, jusqu&rsquo;au d\u00e9part de celle-ci en 1981, puis une propri\u00e9t\u00e9 conjointe de la Ville de Li\u00e8ge et de soci\u00e9t\u00e9s immobili\u00e8res suite \u00e0 la vente par l&rsquo;arm\u00e9e en 2003. Les fortifications ant\u00e9rieures, autour du couvent des Chartreux, ne faisaient pas partie de ce que l&rsquo;on appelle \u00e0 pr\u00e9sent le fort de la Chartreuse.<\/p>\n\n\n\n<ul class=\"wp-block-list\">\n<li><\/li>\n<\/ul>\n\n\n\n<ul class=\"wp-block-list\">\n<li>Le fort hollandais (1818-1830)\n<ul class=\"wp-block-list\">\n<li><strong><a href=\"http:\/\/www.lachartreuse.org\/web\/la-construction-du-fort-de-la-chartreuse\/\">La construction du fort de la Chartreuse<\/a><\/strong> (article publi\u00e9 le 12.05.18)<\/li>\n\n\n\n<li><strong><a href=\"http:\/\/www.lachartreuse.org\/web\/construction-du-fort-les-expropriations-de-1818\/\">Construction du fort: les expropriations de 1818<\/a><\/strong> (article publi\u00e9 le 11.04.18)<\/li>\n<\/ul>\n<\/li>\n\n\n\n<li>Le fort belge (1830-1891)\n<ul class=\"wp-block-list\">\n<li><strong><a href=\"http:\/\/www.lachartreuse.org\/web\/le-fort-en-1835\/\">Le fort en 1835<\/a><\/strong> (article publi\u00e9 le 11.04.18)<\/li>\n<\/ul>\n<\/li>\n\n\n\n<li>La caserne de l&rsquo;arm\u00e9e belge\n<ul class=\"wp-block-list\">\n<li><strong><a href=\"http:\/\/www.lachartreuse.org\/web\/le-fort-du-declassement-a-labandon-1\/\">Le fort, du d\u00e9classement \u00e0 l&rsquo;abandon (1)<\/a><\/strong> (article publi\u00e9 le 17.06.18)<\/li>\n\n\n\n<li><strong><a href=\"http:\/\/www.lachartreuse.org\/web\/le-fort-du-declassement-a-labandon-2\/\">Le fort, du d\u00e9classement \u00e0 l&rsquo;abandon (2)<\/a><\/strong> (article publi\u00e9 le 25.06.18)<\/li>\n\n\n\n<li><strong><a href=\"http:\/\/www.lachartreuse.org\/web\/le-fort-du-declassement-a-labandon-3\/\">Le fort, du d\u00e9classement \u00e0 l&rsquo;abandon (3)<\/a><\/strong> (article publi\u00e9 le 30.06.18)<\/li>\n<\/ul>\n<\/li>\n<\/ul>\n<div class=\"pdfprnt-buttons pdfprnt-buttons-page pdfprnt-bottom-right\"><a href=\"http:\/\/www.lachartreuse.org\/web\/wp-json\/wp\/v2\/pages\/806?print=pdf\" class=\"pdfprnt-button pdfprnt-button-pdf\" target=\"_blank\" ><img decoding=\"async\" src=\"http:\/\/www.lachartreuse.org\/web\/wp-content\/plugins\/pdf-print\/images\/pdf.png\" alt=\"image_pdf\" title=\"T\u00e9l\u00e9charger le PDF\" \/><\/a><a href=\"http:\/\/www.lachartreuse.org\/web\/wp-json\/wp\/v2\/pages\/806?print=print\" class=\"pdfprnt-button pdfprnt-button-print\" target=\"_blank\" ><img decoding=\"async\" src=\"http:\/\/www.lachartreuse.org\/web\/wp-content\/plugins\/pdf-print\/images\/print.png\" alt=\"image_print\" title=\"Contenu imprim\u00e9\" \/><\/a><\/div>","protected":false},"excerpt":{"rendered":"<p>Histoire des forts de la Chartreuse<\/p>\n","protected":false},"author":6,"featured_media":0,"parent":620,"menu_order":2,"comment_status":"closed","ping_status":"closed","template":"","meta":{"_eb_attr":"","_uag_custom_page_level_css":"","site-sidebar-layout":"default","site-content-layout":"","ast-site-content-layout":"default","site-content-style":"default","site-sidebar-style":"default","ast-global-header-display":"","ast-banner-title-visibility":"","ast-main-header-display":"","ast-hfb-above-header-display":"","ast-hfb-below-header-display":"","ast-hfb-mobile-header-display":"","site-post-title":"","ast-breadcrumbs-content":"","ast-featured-img":"","footer-sml-layout":"","ast-disable-related-posts":"","theme-transparent-header-meta":"","adv-header-id-meta":"","stick-header-meta":"","header-above-stick-meta":"","header-main-stick-meta":"","header-below-stick-meta":"","astra-migrate-meta-layouts":"default","ast-page-background-enabled":"default","ast-page-background-meta":{"desktop":{"background-color":"var(--ast-global-color-4)","background-image":"","background-repeat":"repeat","background-position":"center center","background-size":"auto","background-attachment":"scroll","background-type":"","background-media":"","overlay-type":"","overlay-color":"","overlay-opacity":"","overlay-gradient":""},"tablet":{"background-color":"","background-image":"","background-repeat":"repeat","background-position":"center center","background-size":"auto","background-attachment":"scroll","background-type":"","background-media":"","overlay-type":"","overlay-color":"","overlay-opacity":"","overlay-gradient":""},"mobile":{"background-color":"","background-image":"","background-repeat":"repeat","background-position":"center center","background-size":"auto","background-attachment":"scroll","background-type":"","background-media":"","overlay-type":"","overlay-color":"","overlay-opacity":"","overlay-gradient":""}},"ast-content-background-meta":{"desktop":{"background-color":"var(--ast-global-color-5)","background-image":"","background-repeat":"repeat","background-position":"center center","background-size":"auto","background-attachment":"scroll","background-type":"","background-media":"","overlay-type":"","overlay-color":"","overlay-opacity":"","overlay-gradient":""},"tablet":{"background-color":"var(--ast-global-color-5)","background-image":"","background-repeat":"repeat","background-position":"center center","background-size":"auto","background-attachment":"scroll","background-type":"","background-media":"","overlay-type":"","overlay-color":"","overlay-opacity":"","overlay-gradient":""},"mobile":{"background-color":"var(--ast-global-color-5)","background-image":"","background-repeat":"repeat","background-position":"center center","background-size":"auto","background-attachment":"scroll","background-type":"","background-media":"","overlay-type":"","overlay-color":"","overlay-opacity":"","overlay-gradient":""}},"footnotes":""},"class_list":["post-806","page","type-page","status-publish","hentry"],"featured_image_src":null,"uagb_featured_image_src":{"full":false,"thumbnail":false,"medium":false,"medium_large":false,"large":false,"1536x1536":false,"2048x2048":false},"uagb_author_info":{"display_name":"Pierre Michaux","author_link":"http:\/\/www.lachartreuse.org\/web\/author\/pmichaux\/"},"uagb_comment_info":0,"uagb_excerpt":"Histoire des forts de la Chartreuse","_links":{"self":[{"href":"http:\/\/www.lachartreuse.org\/web\/wp-json\/wp\/v2\/pages\/806","targetHints":{"allow":["GET"]}}],"collection":[{"href":"http:\/\/www.lachartreuse.org\/web\/wp-json\/wp\/v2\/pages"}],"about":[{"href":"http:\/\/www.lachartreuse.org\/web\/wp-json\/wp\/v2\/types\/page"}],"author":[{"embeddable":true,"href":"http:\/\/www.lachartreuse.org\/web\/wp-json\/wp\/v2\/users\/6"}],"replies":[{"embeddable":true,"href":"http:\/\/www.lachartreuse.org\/web\/wp-json\/wp\/v2\/comments?post=806"}],"version-history":[{"count":2,"href":"http:\/\/www.lachartreuse.org\/web\/wp-json\/wp\/v2\/pages\/806\/revisions"}],"predecessor-version":[{"id":29120,"href":"http:\/\/www.lachartreuse.org\/web\/wp-json\/wp\/v2\/pages\/806\/revisions\/29120"}],"up":[{"embeddable":true,"href":"http:\/\/www.lachartreuse.org\/web\/wp-json\/wp\/v2\/pages\/620"}],"wp:attachment":[{"href":"http:\/\/www.lachartreuse.org\/web\/wp-json\/wp\/v2\/media?parent=806"}],"curies":[{"name":"wp","href":"https:\/\/api.w.org\/{rel}","templated":true}]}}