{"id":804,"date":"2017-08-24T16:07:28","date_gmt":"2017-08-24T14:07:28","guid":{"rendered":"http:\/\/www.lachartreuse.org\/web\/?page_id=804"},"modified":"2023-09-16T11:10:35","modified_gmt":"2023-09-16T09:10:35","slug":"histoire","status":"publish","type":"page","link":"http:\/\/www.lachartreuse.org\/web\/larvo\/histoire\/","title":{"rendered":"Histoire"},"content":{"rendered":"\n<p>&nbsp;<br>En 1360, les moines chartreux s\u2019installent sur le mont Cornillon dans leur monast\u00e8re qu\u2019ils appel\u00e8rent \u00abLa Chartreuse des Douze-Ap\u00f4tres\u00bb. Il disparut en 1797, les moines ayant \u00e9t\u00e9 expuls\u00e9s par les troupes r\u00e9publicaines fran\u00e7aises.<\/p>\n\n\n\n<p>En 1381, le Prince-Ev\u00eaque les autorisa \u00e0 jeter un pont sur le chemin encaiss\u00e9 qui traversait leurs possessions afin de faciliter le passage du charroi et du b\u00e9tail vers leurs terres situ\u00e9es sur le plateau de P\u00e9ville et le coteau du Ch\u00e9ra. Il s\u2019agissait alors d\u2019un pont de bois.<\/p>\n\n\n\n<p>L&rsquo;arv\u00f4 tel que nous le connaissons \u2013 ou presque \u2013 le rempla\u00e7a au d\u00e9but du XVII\u00e8me si\u00e8cle; il fut encore modifi\u00e9 au d\u00e9but du XVIII\u00e8me.<\/p>\n\n\n\n<figure class=\"wp-block-image aligncenter size-large\"><a href=\"http:\/\/www.lachartreuse.org\/web\/wp-content\/uploads\/2018\/05\/arvo-dessin-jwidar-1887.jpg\"><img loading=\"lazy\" decoding=\"async\" width=\"710\" height=\"1024\" src=\"http:\/\/www.lachartreuse.org\/web\/wp-content\/uploads\/2018\/05\/arvo-dessin-jwidar-1887-710x1024.jpg\" alt=\"\" class=\"wp-image-3368\" srcset=\"http:\/\/www.lachartreuse.org\/web\/wp-content\/uploads\/2018\/05\/arvo-dessin-jwidar-1887-710x1024.jpg 710w, http:\/\/www.lachartreuse.org\/web\/wp-content\/uploads\/2018\/05\/arvo-dessin-jwidar-1887-208x300.jpg 208w, http:\/\/www.lachartreuse.org\/web\/wp-content\/uploads\/2018\/05\/arvo-dessin-jwidar-1887-768x1108.jpg 768w, http:\/\/www.lachartreuse.org\/web\/wp-content\/uploads\/2018\/05\/arvo-dessin-jwidar-1887-1065x1536.jpg 1065w, http:\/\/www.lachartreuse.org\/web\/wp-content\/uploads\/2018\/05\/arvo-dessin-jwidar-1887-1420x2048.jpg 1420w, http:\/\/www.lachartreuse.org\/web\/wp-content\/uploads\/2018\/05\/arvo-dessin-jwidar-1887.jpg 1474w\" sizes=\"auto, (max-width: 710px) 100vw, 710px\" \/><\/a><figcaption class=\"wp-element-caption\">J. Widar, Li\u00e8ge, Thier de la Chartreuse en 1887. L&rsquo;arv\u00f4 et l&rsquo;asile des Petites soeurs des Pauvres.<br>\u00a9 KIK-IRPA, Bruxelles &#8211; Reproduit avec autorisation<br>Cliquez pour agrandir<\/figcaption><\/figure>\n\n\n\n<p>Le 5 juin 1981, le pont est class\u00e9 comme monument au patrimoine de Wallonie, \u00ab\u00a0<em>en raison de sa valeur historique et artistique <\/em>\u00ab\u00a0.<\/p>\n\n\n\n<div data-wp-interactive=\"core\/file\" class=\"wp-block-file\"><object data-wp-bind--hidden=\"!state.hasPdfPreview\" hidden class=\"wp-block-file__embed\" data=\"http:\/\/www.lachartreuse.org\/web\/wp-content\/uploads\/2023\/09\/arrete-classement-arvo-62063_CLT_337-01-1981.pdf\" type=\"application\/pdf\" style=\"width:100%;height:600px\" aria-label=\"Contenu embarqu\u00e9 arrete-classement-arvo-62063_CLT_337-01-1981.\"><\/object><a id=\"wp-block-file--media-4d423ee9-5dd5-4053-b30f-f849a0b4a55d\" href=\"http:\/\/www.lachartreuse.org\/web\/wp-content\/uploads\/2023\/09\/arrete-classement-arvo-62063_CLT_337-01-1981.pdf\">arrete-classement-arvo-62063_CLT_337-01-1981<\/a><a href=\"http:\/\/www.lachartreuse.org\/web\/wp-content\/uploads\/2023\/09\/arrete-classement-arvo-62063_CLT_337-01-1981.pdf\" class=\"wp-block-file__button wp-element-button\" download aria-describedby=\"wp-block-file--media-4d423ee9-5dd5-4053-b30f-f849a0b4a55d\">T\u00e9l\u00e9charger<\/a><\/div>\n\n\n\n<p>L\u2019<em><em>ASBL Parc des Oblats<\/em><\/em>, cr\u00e9\u00e9e en 1988, en fait l\u2019acquisition le 30 ao\u00fbt 1990 pour le franc symbolique et gr\u00e2ce aux subsides de la R\u00e9gion Wallonne, de la Province, de la Ville et de la Fondation Roi Baudouin, peut le faire restaurer. Le dossier de restauration, en ce compris les travaux conservatoires qui ont dur\u00e9 un an, est introduit en novembre 1990 et le permis de b\u00e2tir accord\u00e9 le 7 avril 1995. La restauration est achev\u00e9e en octobre 1996. L\u2019ouvrage, ouvert au public durant la journ\u00e9e mais ferm\u00e9 la nuit, sera rapidement vandalis\u00e9, ce qui amena l\u2019association \u00e0 mettre fin \u00e0 cette libre circulation.<\/p>\n\n\n\n<p>En mars 2008, l\u2019asbl d\u00e9cide de se dissoudre et de transmettre le bien \u00e0 l\u2019asbl La Chartreuse qui en assurait d\u00e9j\u00e0 la gestion depuis 2006 (voir l&rsquo;article <a href=\"http:\/\/www.lachartreuse.org\/web\/dissolution-de-lasbl-parc-des-oblats\/\">Dissolution de l&rsquo;ASBL Parc des Oblats<\/a>). L\u2019acte de donation est sign\u00e9 le 23 f\u00e9vrier 2010. Pour rappel, seul le b\u00e2timent ainsi qu\u2019un sentier d\u2019acc\u00e8s d\u2019une largeur de 3m sont propri\u00e9t\u00e9 de l\u2019asbl, le fond appartenant \u00e0 la Ville.<\/p>\n\n\n\n<figure class=\"wp-block-image aligncenter\"><a href=\"http:\/\/www.lachartreuse.org\/web\/wp-content\/uploads\/lachartreuse-mur-soutenement-640x480.jpg\"><img decoding=\"async\" src=\"http:\/\/www.lachartreuse.org\/web\/wp-content\/uploads\/lachartreuse-mur-soutenement-640x480.jpg\" alt=\"\" class=\"wp-image-758\"\/><\/a><figcaption class=\"wp-element-caption\">Etat du chemin d&rsquo;acc\u00e8s apr\u00e8s l&rsquo;intervention de la Ville de Li\u00e8ge, 2009<\/figcaption><\/figure>\n\n\n\n<p>Durant l&rsquo;\u00e9t\u00e9 2008, des pierres sont tomb\u00e9es de la muraille de sout\u00e8nement (propri\u00e9t\u00e9 de la Ville de Li\u00e8ge) dans le <em>thier de la Chartreuse<\/em> en contrebas. Des travaux de s\u00e9curisation ont \u00e9t\u00e9 entrepris par la Ville, travaux qui ont eu pour cons\u00e9quence de faire disparaitre une partie de la muraille mais aussi le chemin d&rsquo;acc\u00e8s \u00e0 l&rsquo;arv\u00f4 depuis la rue Justin Lenders&#8230; Depuis 2009, l&rsquo;acc\u00e8s est devenu probl\u00e9matique, puisqu&rsquo;il faut passer par le terrain voisin. Dix ans plus tard, l&rsquo;ASBL La Chartreuse attend toujours la r\u00e9fection du chemin par la Ville (voir l&rsquo;article <a href=\"http:\/\/www.lachartreuse.org\/web\/quand-larvo-retrouvera-t-il-son-chemin-dacces\/\">Quand l\u2019\u00e5rv\u00f4 retrouvera-t-il son chemin d\u2019acc\u00e8s?<\/a>)<\/p>\n<div class=\"pdfprnt-buttons pdfprnt-buttons-page pdfprnt-bottom-right\"><a href=\"http:\/\/www.lachartreuse.org\/web\/wp-json\/wp\/v2\/pages\/804?print=pdf\" class=\"pdfprnt-button pdfprnt-button-pdf\" target=\"_blank\" ><img decoding=\"async\" src=\"http:\/\/www.lachartreuse.org\/web\/wp-content\/plugins\/pdf-print\/images\/pdf.png\" alt=\"image_pdf\" title=\"T\u00e9l\u00e9charger le PDF\" \/><\/a><a href=\"http:\/\/www.lachartreuse.org\/web\/wp-json\/wp\/v2\/pages\/804?print=print\" class=\"pdfprnt-button pdfprnt-button-print\" target=\"_blank\" ><img decoding=\"async\" src=\"http:\/\/www.lachartreuse.org\/web\/wp-content\/plugins\/pdf-print\/images\/print.png\" alt=\"image_print\" title=\"Contenu imprim\u00e9\" \/><\/a><\/div>","protected":false},"excerpt":{"rendered":"<p>Un pont plusieurs fois centenaire<\/p>\n","protected":false},"author":6,"featured_media":0,"parent":672,"menu_order":2,"comment_status":"closed","ping_status":"closed","template":"","meta":{"_eb_attr":"","_uag_custom_page_level_css":"","site-sidebar-layout":"default","site-content-layout":"","ast-site-content-layout":"default","site-content-style":"default","site-sidebar-style":"default","ast-global-header-display":"","ast-banner-title-visibility":"","ast-main-header-display":"","ast-hfb-above-header-display":"","ast-hfb-below-header-display":"","ast-hfb-mobile-header-display":"","site-post-title":"","ast-breadcrumbs-content":"","ast-featured-img":"","footer-sml-layout":"","ast-disable-related-posts":"","theme-transparent-header-meta":"","adv-header-id-meta":"","stick-header-meta":"","header-above-stick-meta":"","header-main-stick-meta":"","header-below-stick-meta":"","astra-migrate-meta-layouts":"set","ast-page-background-enabled":"default","ast-page-background-meta":{"desktop":{"background-color":"var(--ast-global-color-4)","background-image":"","background-repeat":"repeat","background-position":"center center","background-size":"auto","background-attachment":"scroll","background-type":"","background-media":"","overlay-type":"","overlay-color":"","overlay-opacity":"","overlay-gradient":""},"tablet":{"background-color":"","background-image":"","background-repeat":"repeat","background-position":"center center","background-size":"auto","background-attachment":"scroll","background-type":"","background-media":"","overlay-type":"","overlay-color":"","overlay-opacity":"","overlay-gradient":""},"mobile":{"background-color":"","background-image":"","background-repeat":"repeat","background-position":"center center","background-size":"auto","background-attachment":"scroll","background-type":"","background-media":"","overlay-type":"","overlay-color":"","overlay-opacity":"","overlay-gradient":""}},"ast-content-background-meta":{"desktop":{"background-color":"var(--ast-global-color-5)","background-image":"","background-repeat":"repeat","background-position":"center center","background-size":"auto","background-attachment":"scroll","background-type":"","background-media":"","overlay-type":"","overlay-color":"","overlay-opacity":"","overlay-gradient":""},"tablet":{"background-color":"var(--ast-global-color-5)","background-image":"","background-repeat":"repeat","background-position":"center center","background-size":"auto","background-attachment":"scroll","background-type":"","background-media":"","overlay-type":"","overlay-color":"","overlay-opacity":"","overlay-gradient":""},"mobile":{"background-color":"var(--ast-global-color-5)","background-image":"","background-repeat":"repeat","background-position":"center center","background-size":"auto","background-attachment":"scroll","background-type":"","background-media":"","overlay-type":"","overlay-color":"","overlay-opacity":"","overlay-gradient":""}},"footnotes":""},"class_list":["post-804","page","type-page","status-publish","hentry"],"featured_image_src":null,"uagb_featured_image_src":{"full":false,"thumbnail":false,"medium":false,"medium_large":false,"large":false,"1536x1536":false,"2048x2048":false},"uagb_author_info":{"display_name":"Pierre Michaux","author_link":"http:\/\/www.lachartreuse.org\/web\/author\/pmichaux\/"},"uagb_comment_info":0,"uagb_excerpt":"Un pont plusieurs fois centenaire","_links":{"self":[{"href":"http:\/\/www.lachartreuse.org\/web\/wp-json\/wp\/v2\/pages\/804","targetHints":{"allow":["GET"]}}],"collection":[{"href":"http:\/\/www.lachartreuse.org\/web\/wp-json\/wp\/v2\/pages"}],"about":[{"href":"http:\/\/www.lachartreuse.org\/web\/wp-json\/wp\/v2\/types\/page"}],"author":[{"embeddable":true,"href":"http:\/\/www.lachartreuse.org\/web\/wp-json\/wp\/v2\/users\/6"}],"replies":[{"embeddable":true,"href":"http:\/\/www.lachartreuse.org\/web\/wp-json\/wp\/v2\/comments?post=804"}],"version-history":[{"count":3,"href":"http:\/\/www.lachartreuse.org\/web\/wp-json\/wp\/v2\/pages\/804\/revisions"}],"predecessor-version":[{"id":29377,"href":"http:\/\/www.lachartreuse.org\/web\/wp-json\/wp\/v2\/pages\/804\/revisions\/29377"}],"up":[{"embeddable":true,"href":"http:\/\/www.lachartreuse.org\/web\/wp-json\/wp\/v2\/pages\/672"}],"wp:attachment":[{"href":"http:\/\/www.lachartreuse.org\/web\/wp-json\/wp\/v2\/media?parent=804"}],"curies":[{"name":"wp","href":"https:\/\/api.w.org\/{rel}","templated":true}]}}

<p>&nbsp;<br>En 1360, les moines chartreux s’installent sur le mont Cornillon dans leur monastère qu’ils appelèrent «La Chartreuse des Douze-Apôtres». Il disparut en 1797, les moines ayant été expulsés par les troupes républicaines françaises.</p>



<p>En 1381, le Prince-Evêque les autorisa à jeter un pont sur le chemin encaissé qui traversait leurs possessions afin de faciliter le passage du charroi et du bétail vers leurs terres situées sur le plateau de Péville et le coteau du Chéra. Il s’agissait alors d’un pont de bois.</p>



<p>L&rsquo;arvô tel que nous le connaissons – ou presque – le remplaça au début du XVIIème siècle; il fut encore modifié au début du XVIIIème.</p>



<figure class="wp-block-image aligncenter size-large"><a href="http://www.lachartreuse.org/web/wp-content/uploads/2018/05/arvo-dessin-jwidar-1887.jpg"><img loading="lazy" decoding="async" width="710" height="1024" src="http://www.lachartreuse.org/web/wp-content/uploads/2018/05/arvo-dessin-jwidar-1887-710x1024.jpg" alt="" class="wp-image-3368" srcset="http://www.lachartreuse.org/web/wp-content/uploads/2018/05/arvo-dessin-jwidar-1887-710x1024.jpg 710w, http://www.lachartreuse.org/web/wp-content/uploads/2018/05/arvo-dessin-jwidar-1887-208x300.jpg 208w, http://www.lachartreuse.org/web/wp-content/uploads/2018/05/arvo-dessin-jwidar-1887-768x1108.jpg 768w, http://www.lachartreuse.org/web/wp-content/uploads/2018/05/arvo-dessin-jwidar-1887-1065x1536.jpg 1065w, http://www.lachartreuse.org/web/wp-content/uploads/2018/05/arvo-dessin-jwidar-1887-1420x2048.jpg 1420w, http://www.lachartreuse.org/web/wp-content/uploads/2018/05/arvo-dessin-jwidar-1887.jpg 1474w" sizes="auto, (max-width: 710px) 100vw, 710px" /></a><figcaption class="wp-element-caption">J. Widar, Liège, Thier de la Chartreuse en 1887. L&rsquo;arvô et l&rsquo;asile des Petites soeurs des Pauvres.<br>© KIK-IRPA, Bruxelles &#8211; Reproduit avec autorisation<br>Cliquez pour agrandir</figcaption></figure>



<p>Le 5 juin 1981, le pont est classé comme monument au patrimoine de Wallonie, « <em>en raison de sa valeur historique et artistique </em>« .</p>



<div data-wp-interactive="core/file" class="wp-block-file"><object data-wp-bind--hidden="!state.hasPdfPreview" hidden class="wp-block-file__embed" data="http://www.lachartreuse.org/web/wp-content/uploads/2023/09/arrete-classement-arvo-62063_CLT_337-01-1981.pdf" type="application/pdf" style="width:100%;height:600px" aria-label="Contenu embarqué arrete-classement-arvo-62063_CLT_337-01-1981."></object><a id="wp-block-file--media-4d423ee9-5dd5-4053-b30f-f849a0b4a55d" href="http://www.lachartreuse.org/web/wp-content/uploads/2023/09/arrete-classement-arvo-62063_CLT_337-01-1981.pdf">arrete-classement-arvo-62063_CLT_337-01-1981</a><a href="http://www.lachartreuse.org/web/wp-content/uploads/2023/09/arrete-classement-arvo-62063_CLT_337-01-1981.pdf" class="wp-block-file__button wp-element-button" download aria-describedby="wp-block-file--media-4d423ee9-5dd5-4053-b30f-f849a0b4a55d">Télécharger</a></div>



<p>L’<em><em>ASBL Parc des Oblats</em></em>, créée en 1988, en fait l’acquisition le 30 août 1990 pour le franc symbolique et grâce aux subsides de la Région Wallonne, de la Province, de la Ville et de la Fondation Roi Baudouin, peut le faire restaurer. Le dossier de restauration, en ce compris les travaux conservatoires qui ont duré un an, est introduit en novembre 1990 et le permis de bâtir accordé le 7 avril 1995. La restauration est achevée en octobre 1996. L’ouvrage, ouvert au public durant la journée mais fermé la nuit, sera rapidement vandalisé, ce qui amena l’association à mettre fin à cette libre circulation.</p>



<p>En mars 2008, l’asbl décide de se dissoudre et de transmettre le bien à l’asbl La Chartreuse qui en assurait déjà la gestion depuis 2006 (voir l&rsquo;article <a href="http://www.lachartreuse.org/web/dissolution-de-lasbl-parc-des-oblats/">Dissolution de l&rsquo;ASBL Parc des Oblats</a>). L’acte de donation est signé le 23 février 2010. Pour rappel, seul le bâtiment ainsi qu’un sentier d’accès d’une largeur de 3m sont propriété de l’asbl, le fond appartenant à la Ville.</p>



<figure class="wp-block-image aligncenter"><a href="http://www.lachartreuse.org/web/wp-content/uploads/lachartreuse-mur-soutenement-640x480.jpg"><img decoding="async" src="http://www.lachartreuse.org/web/wp-content/uploads/lachartreuse-mur-soutenement-640x480.jpg" alt="" class="wp-image-758"/></a><figcaption class="wp-element-caption">Etat du chemin d&rsquo;accès après l&rsquo;intervention de la Ville de Liège, 2009</figcaption></figure>



<p>Durant l&rsquo;été 2008, des pierres sont tombées de la muraille de soutènement (propriété de la Ville de Liège) dans le <em>thier de la Chartreuse</em> en contrebas. Des travaux de sécurisation ont été entrepris par la Ville, travaux qui ont eu pour conséquence de faire disparaitre une partie de la muraille mais aussi le chemin d&rsquo;accès à l&rsquo;arvô depuis la rue Justin Lenders&#8230; Depuis 2009, l&rsquo;accès est devenu problématique, puisqu&rsquo;il faut passer par le terrain voisin. Dix ans plus tard, l&rsquo;ASBL La Chartreuse attend toujours la réfection du chemin par la Ville (voir l&rsquo;article <a href="http://www.lachartreuse.org/web/quand-larvo-retrouvera-t-il-son-chemin-dacces/">Quand l’årvô retrouvera-t-il son chemin d’accès?</a>)</p>
<div class="pdfprnt-buttons pdfprnt-buttons-page pdfprnt-bottom-right"><a href="http://www.lachartreuse.org/web/wp-json/wp/v2/pages/804?print=pdf" class="pdfprnt-button pdfprnt-button-pdf" target="_blank" ><img decoding="async" src="http://www.lachartreuse.org/web/wp-content/plugins/pdf-print/images/pdf.png" alt="image_pdf" title="Télécharger le PDF" /></a><a href="http://www.lachartreuse.org/web/wp-json/wp/v2/pages/804?print=print" class="pdfprnt-button pdfprnt-button-print" target="_blank" ><img decoding="async" src="http://www.lachartreuse.org/web/wp-content/plugins/pdf-print/images/print.png" alt="image_print" title="Contenu imprimé" /></a></div>
