{"id":3658,"date":"2018-08-30T08:00:12","date_gmt":"2018-08-30T06:00:12","guid":{"rendered":"http:\/\/www.lachartreuse.org\/web\/?page_id=3658"},"modified":"2023-08-04T19:08:45","modified_gmt":"2023-08-04T17:08:45","slug":"son-devenir","status":"publish","type":"page","link":"http:\/\/www.lachartreuse.org\/web\/le-fort\/son-devenir\/","title":{"rendered":"Son devenir"},"content":{"rendered":"\n<p>&nbsp;<br>\nDepuis le d\u00e9part de l&rsquo;Arm\u00e9e Belge, le <strong><em>fort de la Chartreuse<\/em><\/strong> est lentement mais inexorablement tomb\u00e9 en ruines, victime de son abandon, des d\u00e9t\u00e9riorations du temps, des vendales et des promoteurs immobiliers irrespetueux de la l\u00e9gislation. Le devenir du fort est incertain. L&rsquo;ASBL La Chartreuse, depuis 1986, et l&rsquo;ancienne ASBL Parc des Oblats, de 1988 \u00e0 2010 pour les espaces verts ont oeuvr\u00e9 \u00e0 la d\u00e9fense du site de la Chartreuse. Notre ASBL poursuit son action.<\/p>\n\n\n\n<ul class=\"wp-block-list\">\n<li><strong><a href=\"http:\/\/www.lachartreuse.org\/web\/protection-du-site-de-la-chartreuse-1ere-partie-1986-2003\/\">Protection du site de la Chartreuse: 1\u00e8re partie (1986-2003)<\/a><\/strong> (article publi\u00e9 le 27.04.18)<\/li>\n\n\n\n<li><strong><a href=\"http:\/\/www.lachartreuse.org\/web\/lavenir-du-domaine\/\">L&rsquo;avenir du domaine<\/a><\/strong> (article publi\u00e9 le 09.04.2006)<\/li>\n<\/ul>\n<div class=\"pdfprnt-buttons pdfprnt-buttons-page pdfprnt-bottom-right\"><a href=\"http:\/\/www.lachartreuse.org\/web\/wp-json\/wp\/v2\/pages\/3658?print=pdf\" class=\"pdfprnt-button pdfprnt-button-pdf\" target=\"_blank\" ><img decoding=\"async\" src=\"http:\/\/www.lachartreuse.org\/web\/wp-content\/plugins\/pdf-print\/images\/pdf.png\" alt=\"image_pdf\" title=\"T\u00e9l\u00e9charger le PDF\" \/><\/a><a href=\"http:\/\/www.lachartreuse.org\/web\/wp-json\/wp\/v2\/pages\/3658?print=print\" class=\"pdfprnt-button pdfprnt-button-print\" target=\"_blank\" ><img decoding=\"async\" src=\"http:\/\/www.lachartreuse.org\/web\/wp-content\/plugins\/pdf-print\/images\/print.png\" alt=\"image_print\" title=\"Contenu imprim\u00e9\" \/><\/a><\/div>","protected":false},"excerpt":{"rendered":"<p>Son abandon et les projets d\u2019am\u00e9nagement<\/p>\n","protected":false},"author":6,"featured_media":0,"parent":620,"menu_order":3,"comment_status":"closed","ping_status":"closed","template":"","meta":{"_eb_attr":"","_uag_custom_page_level_css":"","site-sidebar-layout":"default","site-content-layout":"","ast-site-content-layout":"default","site-content-style":"default","site-sidebar-style":"default","ast-global-header-display":"","ast-banner-title-visibility":"","ast-main-header-display":"","ast-hfb-above-header-display":"","ast-hfb-below-header-display":"","ast-hfb-mobile-header-display":"","site-post-title":"","ast-breadcrumbs-content":"","ast-featured-img":"","footer-sml-layout":"","ast-disable-related-posts":"","theme-transparent-header-meta":"","adv-header-id-meta":"","stick-header-meta":"","header-above-stick-meta":"","header-main-stick-meta":"","header-below-stick-meta":"","astra-migrate-meta-layouts":"default","ast-page-background-enabled":"default","ast-page-background-meta":{"desktop":{"background-color":"var(--ast-global-color-4)","background-image":"","background-repeat":"repeat","background-position":"center center","background-size":"auto","background-attachment":"scroll","background-type":"","background-media":"","overlay-type":"","overlay-color":"","overlay-opacity":"","overlay-gradient":""},"tablet":{"background-color":"","background-image":"","background-repeat":"repeat","background-position":"center center","background-size":"auto","background-attachment":"scroll","background-type":"","background-media":"","overlay-type":"","overlay-color":"","overlay-opacity":"","overlay-gradient":""},"mobile":{"background-color":"","background-image":"","background-repeat":"repeat","background-position":"center center","background-size":"auto","background-attachment":"scroll","background-type":"","background-media":"","overlay-type":"","overlay-color":"","overlay-opacity":"","overlay-gradient":""}},"ast-content-background-meta":{"desktop":{"background-color":"var(--ast-global-color-5)","background-image":"","background-repeat":"repeat","background-position":"center center","background-size":"auto","background-attachment":"scroll","background-type":"","background-media":"","overlay-type":"","overlay-color":"","overlay-opacity":"","overlay-gradient":""},"tablet":{"background-color":"var(--ast-global-color-5)","background-image":"","background-repeat":"repeat","background-position":"center center","background-size":"auto","background-attachment":"scroll","background-type":"","background-media":"","overlay-type":"","overlay-color":"","overlay-opacity":"","overlay-gradient":""},"mobile":{"background-color":"var(--ast-global-color-5)","background-image":"","background-repeat":"repeat","background-position":"center center","background-size":"auto","background-attachment":"scroll","background-type":"","background-media":"","overlay-type":"","overlay-color":"","overlay-opacity":"","overlay-gradient":""}},"footnotes":""},"class_list":["post-3658","page","type-page","status-publish","hentry"],"featured_image_src":null,"uagb_featured_image_src":{"full":false,"thumbnail":false,"medium":false,"medium_large":false,"large":false,"1536x1536":false,"2048x2048":false},"uagb_author_info":{"display_name":"Pierre Michaux","author_link":"http:\/\/www.lachartreuse.org\/web\/author\/pmichaux\/"},"uagb_comment_info":0,"uagb_excerpt":"Son abandon et les projets d\u2019am\u00e9nagement","_links":{"self":[{"href":"http:\/\/www.lachartreuse.org\/web\/wp-json\/wp\/v2\/pages\/3658","targetHints":{"allow":["GET"]}}],"collection":[{"href":"http:\/\/www.lachartreuse.org\/web\/wp-json\/wp\/v2\/pages"}],"about":[{"href":"http:\/\/www.lachartreuse.org\/web\/wp-json\/wp\/v2\/types\/page"}],"author":[{"embeddable":true,"href":"http:\/\/www.lachartreuse.org\/web\/wp-json\/wp\/v2\/users\/6"}],"replies":[{"embeddable":true,"href":"http:\/\/www.lachartreuse.org\/web\/wp-json\/wp\/v2\/comments?post=3658"}],"version-history":[{"count":2,"href":"http:\/\/www.lachartreuse.org\/web\/wp-json\/wp\/v2\/pages\/3658\/revisions"}],"predecessor-version":[{"id":29121,"href":"http:\/\/www.lachartreuse.org\/web\/wp-json\/wp\/v2\/pages\/3658\/revisions\/29121"}],"up":[{"embeddable":true,"href":"http:\/\/www.lachartreuse.org\/web\/wp-json\/wp\/v2\/pages\/620"}],"wp:attachment":[{"href":"http:\/\/www.lachartreuse.org\/web\/wp-json\/wp\/v2\/media?parent=3658"}],"curies":[{"name":"wp","href":"https:\/\/api.w.org\/{rel}","templated":true}]}}

<p>&nbsp;<br>
Depuis le départ de l&rsquo;Armée Belge, le <strong><em>fort de la Chartreuse</em></strong> est lentement mais inexorablement tombé en ruines, victime de son abandon, des détériorations du temps, des vendales et des promoteurs immobiliers irrespetueux de la législation. Le devenir du fort est incertain. L&rsquo;ASBL La Chartreuse, depuis 1986, et l&rsquo;ancienne ASBL Parc des Oblats, de 1988 à 2010 pour les espaces verts ont oeuvré à la défense du site de la Chartreuse. Notre ASBL poursuit son action.</p>



<ul class="wp-block-list">
<li><strong><a href="http://www.lachartreuse.org/web/protection-du-site-de-la-chartreuse-1ere-partie-1986-2003/">Protection du site de la Chartreuse: 1ère partie (1986-2003)</a></strong> (article publié le 27.04.18)</li>



<li><strong><a href="http://www.lachartreuse.org/web/lavenir-du-domaine/">L&rsquo;avenir du domaine</a></strong> (article publié le 09.04.2006)</li>
</ul>
<div class="pdfprnt-buttons pdfprnt-buttons-page pdfprnt-bottom-right"><a href="http://www.lachartreuse.org/web/wp-json/wp/v2/pages/3658?print=pdf" class="pdfprnt-button pdfprnt-button-pdf" target="_blank" ><img decoding="async" src="http://www.lachartreuse.org/web/wp-content/plugins/pdf-print/images/pdf.png" alt="image_pdf" title="Télécharger le PDF" /></a><a href="http://www.lachartreuse.org/web/wp-json/wp/v2/pages/3658?print=print" class="pdfprnt-button pdfprnt-button-print" target="_blank" ><img decoding="async" src="http://www.lachartreuse.org/web/wp-content/plugins/pdf-print/images/print.png" alt="image_print" title="Contenu imprimé" /></a></div>

<p>Son abandon et les projets d’aménagement</p>

Son abandon et les projets d’aménagement
