{"id":1913,"date":"2017-10-02T09:23:53","date_gmt":"2017-10-02T07:23:53","guid":{"rendered":"http:\/\/www.lachartreuse.org\/web\/?page_id=1913"},"modified":"2023-08-04T19:06:21","modified_gmt":"2023-08-04T17:06:21","slug":"acces","status":"publish","type":"page","link":"http:\/\/www.lachartreuse.org\/web\/larvo\/acces\/","title":{"rendered":"Acc\u00e8s"},"content":{"rendered":"\n<p>&nbsp;<br>L&rsquo;<strong>\u00e5rv\u00f4<\/strong> est un monument du patrimoine wallon. Il est destin\u00e9 \u00e0 \u00eatre visit\u00e9. Depuis 2009, l&rsquo;entr\u00e9e par la <em>rue Justin Lenders<\/em> est h\u00e9las impossible, suite aux travaux de protection au mur du <em>thier de la Chartreuse<\/em>: le chemin s&rsquo;est effondr\u00e9&#8230; Il n&rsquo;est donc accessible que par la porte donnant sur le <em>Parc de la Chartreuse<\/em>.<\/p>\n\n\n\n<figure class=\"wp-block-image aligncenter\"><a href=\"http:\/\/www.lachartreuse.org\/web\/wp-content\/uploads\/2018\/05\/carte-acces-arvo.jpg\"><img loading=\"lazy\" decoding=\"async\" width=\"1183\" height=\"789\" src=\"http:\/\/www.lachartreuse.org\/web\/wp-content\/uploads\/2018\/05\/carte-acces-arvo.jpg\" alt=\"\" class=\"wp-image-3349\" srcset=\"http:\/\/www.lachartreuse.org\/web\/wp-content\/uploads\/2018\/05\/carte-acces-arvo.jpg 1183w, http:\/\/www.lachartreuse.org\/web\/wp-content\/uploads\/2018\/05\/carte-acces-arvo-300x200.jpg 300w, http:\/\/www.lachartreuse.org\/web\/wp-content\/uploads\/2018\/05\/carte-acces-arvo-1024x683.jpg 1024w, http:\/\/www.lachartreuse.org\/web\/wp-content\/uploads\/2018\/05\/carte-acces-arvo-768x512.jpg 768w\" sizes=\"auto, (max-width: 1183px) 100vw, 1183px\" \/><\/a><figcaption class=\"wp-element-caption\">Acc\u00e8s \u00e0 l&rsquo;\u00e5rv\u00f4 \u00e0 partir de l&rsquo;esplanade du fort<br>Cliquez pour agrandir<\/figcaption><\/figure>\n\n\n\n<p><strong>Les visiteurs y seront accueillis du printemps (avril-mai) jusqu&rsquo;au d\u00e9but de l&rsquo;automne (septembre-ocotbre), en fonction des disponibilit\u00e9s des responsables et de la m\u00e9t\u00e9o&#8230;<\/strong><\/p>\n\n\n\n<p>L&rsquo;arv\u00f4 est en principe ouvert le samedi apr\u00e8s-midi, de 14 \u00e0 17 heures, en fonction des conditions climatiques et de la disponibilit\u00e9 des membres de l&rsquo;ASBL. N&rsquo;h\u00e9sitez pas \u00e0 consulter <em><a href=\"https:\/\/www.facebook.com\/lachartreuse.org\/\">notre page Facebook<\/a><\/em> ou les <em><a href=\"http:\/\/www.lachartreuse.org\/web\/category\/breves\/\"><strong>br\u00e8ves<\/strong><\/a><\/em> pour des informations de derni\u00e8re minute.<\/p>\n\n\n\n<hr class=\"wp-block-separator has-alpha-channel-opacity\"\/>\n<div class=\"pdfprnt-buttons pdfprnt-buttons-page pdfprnt-bottom-right\"><a href=\"http:\/\/www.lachartreuse.org\/web\/wp-json\/wp\/v2\/pages\/1913?print=pdf\" class=\"pdfprnt-button pdfprnt-button-pdf\" target=\"_blank\" ><img decoding=\"async\" src=\"http:\/\/www.lachartreuse.org\/web\/wp-content\/plugins\/pdf-print\/images\/pdf.png\" alt=\"image_pdf\" title=\"T\u00e9l\u00e9charger le PDF\" \/><\/a><a href=\"http:\/\/www.lachartreuse.org\/web\/wp-json\/wp\/v2\/pages\/1913?print=print\" class=\"pdfprnt-button pdfprnt-button-print\" target=\"_blank\" ><img decoding=\"async\" src=\"http:\/\/www.lachartreuse.org\/web\/wp-content\/plugins\/pdf-print\/images\/print.png\" alt=\"image_print\" title=\"Contenu imprim\u00e9\" \/><\/a><\/div>","protected":false},"excerpt":{"rendered":"<p>Peut-on visiter l\u2019\u00e5rv\u00f4?<\/p>\n","protected":false},"author":6,"featured_media":0,"parent":672,"menu_order":3,"comment_status":"closed","ping_status":"closed","template":"","meta":{"_eb_attr":"","_uag_custom_page_level_css":"","site-sidebar-layout":"default","site-content-layout":"","ast-site-content-layout":"default","site-content-style":"default","site-sidebar-style":"default","ast-global-header-display":"","ast-banner-title-visibility":"","ast-main-header-display":"","ast-hfb-above-header-display":"","ast-hfb-below-header-display":"","ast-hfb-mobile-header-display":"","site-post-title":"","ast-breadcrumbs-content":"","ast-featured-img":"","footer-sml-layout":"","ast-disable-related-posts":"","theme-transparent-header-meta":"","adv-header-id-meta":"","stick-header-meta":"","header-above-stick-meta":"","header-main-stick-meta":"","header-below-stick-meta":"","astra-migrate-meta-layouts":"default","ast-page-background-enabled":"default","ast-page-background-meta":{"desktop":{"background-color":"var(--ast-global-color-4)","background-image":"","background-repeat":"repeat","background-position":"center center","background-size":"auto","background-attachment":"scroll","background-type":"","background-media":"","overlay-type":"","overlay-color":"","overlay-opacity":"","overlay-gradient":""},"tablet":{"background-color":"","background-image":"","background-repeat":"repeat","background-position":"center center","background-size":"auto","background-attachment":"scroll","background-type":"","background-media":"","overlay-type":"","overlay-color":"","overlay-opacity":"","overlay-gradient":""},"mobile":{"background-color":"","background-image":"","background-repeat":"repeat","background-position":"center center","background-size":"auto","background-attachment":"scroll","background-type":"","background-media":"","overlay-type":"","overlay-color":"","overlay-opacity":"","overlay-gradient":""}},"ast-content-background-meta":{"desktop":{"background-color":"var(--ast-global-color-5)","background-image":"","background-repeat":"repeat","background-position":"center center","background-size":"auto","background-attachment":"scroll","background-type":"","background-media":"","overlay-type":"","overlay-color":"","overlay-opacity":"","overlay-gradient":""},"tablet":{"background-color":"var(--ast-global-color-5)","background-image":"","background-repeat":"repeat","background-position":"center center","background-size":"auto","background-attachment":"scroll","background-type":"","background-media":"","overlay-type":"","overlay-color":"","overlay-opacity":"","overlay-gradient":""},"mobile":{"background-color":"var(--ast-global-color-5)","background-image":"","background-repeat":"repeat","background-position":"center center","background-size":"auto","background-attachment":"scroll","background-type":"","background-media":"","overlay-type":"","overlay-color":"","overlay-opacity":"","overlay-gradient":""}},"footnotes":""},"class_list":["post-1913","page","type-page","status-publish","hentry"],"featured_image_src":null,"uagb_featured_image_src":{"full":false,"thumbnail":false,"medium":false,"medium_large":false,"large":false,"1536x1536":false,"2048x2048":false},"uagb_author_info":{"display_name":"Pierre Michaux","author_link":"http:\/\/www.lachartreuse.org\/web\/author\/pmichaux\/"},"uagb_comment_info":0,"uagb_excerpt":"Peut-on visiter l\u2019\u00e5rv\u00f4?","_links":{"self":[{"href":"http:\/\/www.lachartreuse.org\/web\/wp-json\/wp\/v2\/pages\/1913","targetHints":{"allow":["GET"]}}],"collection":[{"href":"http:\/\/www.lachartreuse.org\/web\/wp-json\/wp\/v2\/pages"}],"about":[{"href":"http:\/\/www.lachartreuse.org\/web\/wp-json\/wp\/v2\/types\/page"}],"author":[{"embeddable":true,"href":"http:\/\/www.lachartreuse.org\/web\/wp-json\/wp\/v2\/users\/6"}],"replies":[{"embeddable":true,"href":"http:\/\/www.lachartreuse.org\/web\/wp-json\/wp\/v2\/comments?post=1913"}],"version-history":[{"count":2,"href":"http:\/\/www.lachartreuse.org\/web\/wp-json\/wp\/v2\/pages\/1913\/revisions"}],"predecessor-version":[{"id":29117,"href":"http:\/\/www.lachartreuse.org\/web\/wp-json\/wp\/v2\/pages\/1913\/revisions\/29117"}],"up":[{"embeddable":true,"href":"http:\/\/www.lachartreuse.org\/web\/wp-json\/wp\/v2\/pages\/672"}],"wp:attachment":[{"href":"http:\/\/www.lachartreuse.org\/web\/wp-json\/wp\/v2\/media?parent=1913"}],"curies":[{"name":"wp","href":"https:\/\/api.w.org\/{rel}","templated":true}]}}